
Is 28 a factor of 824?
False
Does 5 divide 2265?
True
Is 3 a factor of 228?
True
Does 57 divide 2109?
True
Is 107 a factor of 3103?
True
Is 55 a multiple of 25?
False
Does 8 divide 352?
True
Does 4 divide 316?
True
Is 36 a factor of 180?
True
Is 5 a factor of 2077?
False
Is 35 a factor of 102?
False
Does 16 divide 43270?
False
Is 1959 a multiple of 39?
False
Is 13635 a multiple of 9?
True
Is 9128 a multiple of 163?
True
Is 29 a factor of 552?
False
Does 33 divide 93466?
False
Does 4 divide 3736?
True
Is 122 a factor of 817?
False
Is 220 a multiple of 22?
True
Does 158 divide 9948?
False
Is 1352 a multiple of 27?
False
Does 4 divide 352?
True
Is 32 a factor of 1247?
False
Is 9433 a multiple of 18?
False
Does 73 divide 262?
False
Is 18 a factor of 18342?
True
Does 47 divide 2632?
True
Is 37665 a multiple of 25?
False
Is 1408 a multiple of 88?
True
Is 126 a factor of 59346?
True
Is 14 a factor of 1399?
False
Is 15 a factor of 2875?
False
Is 21 a factor of 4284?
True
Is 1268 a multiple of 4?
True
Is 33 a factor of 1446?
False
Does 33 divide 1485?
True
Does 89 divide 13261?
True
Is 5549 a multiple of 21?
False
Does 86 divide 10750?
True
Is 3259 a multiple of 35?
False
Does 35 divide 53876?
False
Does 130 divide 20143?
False
Does 58 divide 5916?
True
Is 8 a factor of 13552?
True
Is 58985 a multiple of 91?
False
Is 20 a factor of 13422?
False
Is 3370 a multiple of 10?
True
Is 18 a factor of 2568?
False
Does 322 divide 48655?
False
Does 84 divide 3024?
True
Does 15 divide 1817?
False
Is 127 a factor of 9906?
True
Is 2457 a multiple of 8?
False
Does 32 divide 1120?
True
Does 15 divide 14453?
False
Is 7 a factor of 1393?
True
Does 64 divide 5248?
True
Is 38 a factor of 808?
False
Does 7 divide 5540?
False
Is 50 a factor of 2031?
False
Does 6 divide 276?
True
Does 34 divide 238?
True
Is 1421 a multiple of 25?
False
Is 1515 a multiple of 101?
True
Is 42 a factor of 48708?
False
Is 14 a multiple of 2?
True
Does 6 divide 30?
True
Is 11 a factor of 322?
False
Is 103 a factor of 83029?
False
Is 11 a factor of 4852?
False
Is 9045 a multiple of 135?
True
Is 27048 a multiple of 147?
True
Is 26 a factor of 23153?
False
Does 2 divide 14?
True
Is 129 a factor of 5805?
True
Is 18 a factor of 18342?
True
Is 216 a multiple of 72?
True
Does 43 divide 1419?
True
Is 18421 a multiple of 145?
False
Does 5 divide 2019?
False
Is 1934 a multiple of 16?
False
Does 67 divide 8643?
True
Does 78 divide 20202?
True
Is 28 a factor of 9212?
True
Is 20 a factor of 13160?
True
Is 34 a factor of 680?
True
Does 14 divide 33074?
False
Does 10 divide 4891?
False
Does 79 divide 4155?
False
Does 27 divide 11853?
True
Does 17 divide 1139?
True
Does 17 divide 375?
False
Is 1736 a multiple of 56?
True
Is 50 a factor of 10400?
True
Does 8 divide 472?
True
Is 92988 a multiple of 82?
True
Is 21 a factor of 1008?
True
Is 14 a factor of 39?
False
Does 10 divide 1028?
False
Is 2584 a multiple of 34?
True
Is 60 a multiple of 6?
True
Is 151 a multiple of 2?
False
Is 18145 a multiple of 191?
True
Does 6 divide 6456?
True
Does 4 divide 439?
False
Is 1092 a multiple of 21?
True
Is 19 a factor of 627?
True
Is 1755 a multiple of 65?
True
Does 12 divide 16296?
True
Is 28 a factor of 112?
True
Is 47415 a multiple of 118?
False
Is 43 a factor of 1032?
True
Is 133 a factor of 9481?
False
Is 107 a factor of 87429?
False
Is 12 a factor of 72723?
False
Does 14 divide 1072?
False
Is 78 a factor of 1248?
True
Is 9882 a multiple of 61?
True
Does 67 divide 6164?
True
Is 166 a multiple of 16?
False
Is 99 a multiple of 11?
True
Does 74 divide 25523?
False
Is 186 a multiple of 14?
False
Is 3916 a multiple of 22?
True
Is 52 a factor of 280?
False
Is 38038 a multiple of 26?
True
Does 8 divide 20882?
False
Does 60 divide 14520?
True
Is 14 a factor of 15092?
True
Is 18 a factor of 1077?
False
Is 8 a factor of 990?
False
Does 204 divide 25704?
True
Is 18 a factor of 1350?
True
Is 15 a factor of 2400?
True
Is 4521 a multiple of 24?
False
Is 2065 a multiple of 5?
True
Is 17 a factor of 4666?
False
Is 18 a factor of 468?
True
Does 11 divide 177?
False
Is 11 a factor of 15448?
False
Is 923 a multiple of 27?
False
Does 32 divide 1824?
True
Does 65 divide 25190?
False
Is 31 a factor of 3224?
True
Is 22 a factor of 1020?
False
Is 85 a factor of 33633?
False
Does 6 divide 240?
True
Is 76 a factor of 13189?
False
Does 28 divide 840?
True
Is 8320 a multiple of 16?
True
Is 5 a factor of 9009?
False
Does 12 divide 168?
True
Does 6 divide 288?
True
Does 310 divide 57350?
True
Is 7161 a multiple of 93?
True
Is 13 a factor of 8892?
True
Is 11 a factor of 55900?
False
Does 84 divide 85431?
False
Does 118 divide 49088?
True
Is 119 a factor of 5927?
False
Does 6 divide 43?
False
Is 22 a factor of 877?
False
Does 138 divide 6762?
True
Is 1695 a multiple of 275?
False
Is 29 a factor of 26535?
True
Does 23 divide 216?
False
Is 50 a factor of 5850?
True
Is 26 a factor of 156?
True
Is 44819 a multiple of 55?
False
Does 30 divide 939?
False
Does 68 divide 6120?
True
Does 6 divide 87?
False
Is 72 a factor of 150?
False
Does 21 divide 18249?
True
Does 13 divide 156?
True
Is 6678 a multiple of 18?
True
Does 45 divide 73970?
False
Does 5 divide 270?
True
Is 30 a factor of 1559?
False
Does 21 divide 31731?
True
Does 12 divide 7046?
False
Is 1786 a multiple of 2?
True
Is 4 a factor of 172?
True
Is 145 a factor of 1306?
False
Is 1310 a multiple of 9?
False
Is 10 a factor of 3320?
True
Is 19 a multiple of 19?
True
Is 275 a multiple of 5?
True
Is 43960 a multiple of 10?
True
Does 87 divide 1437?
False
Is 14415 a multiple of 32?
False
Is 41796 a multiple of 36?
True
Is 5177 a multiple of 31?
True
Does 15 divide 28305?
True
Does 25 divide 17350?
True
Does 14 divide 1312?
False
Is 31493 a multiple of 54?
False
Is 327 a multiple of 3?
True
Is 4446 a multiple of 13?
True
Is 5100 a multiple of 30?
True
Is 154 a multiple of 14?
True
Is 8279 a multiple of 48?
False
Does 24 divide 1200?
True
Does 64 divide 768?
True
Is 2340 a multiple of 12?
True
Does 7 divide 100?
False
Is 5982 a multiple of 49?
False
Does 3 divide 1332?
True
Does 42 divide 103?
False
Is 5180 a multiple of 66?
False
Does 45 divide 5670?
True
Is 9 a factor of 630?
True
Is 19 a factor of 1247?
False
Is 8700 a multiple of 295?
False
Does 84 divide 38477?
False
Is 149 a multiple of 9?
False
Does 14 divide 413?
False
Is 3960 a multiple of 10?
True
Is 31 a factor of 1239?
False
Is 5577 a multiple of 11?
True
Is 43 a factor of 10868?
False
Does 24 divide 395?
False
Does 31 divide 868?
True
Is 6305 a multiple of 95?
False
Is 432 a multiple of 14?
False
Is 198 a factor of 9698?
False
Is 3129 a multiple of 58?
False
Is 52 a factor of 2919?
False
Is 33 a factor of 710?
False
Is 225 a factor of 29250?
True
Is 6748 a multiple of 71?
False
Is 42 a factor of 23856?
True
Is 5 a factor of 466?
False
Does 20 divide 1174?
False
Does 25 divide 187?
False
Does 6 divide 58?
False
Is 43 a factor of 5289?
True
Does 202 divide 11312?
True
Is 1217 a multiple of 39?
False
Does 19 divide 2185?
True
Is 2333 a multiple of 34?
False
Does 40 divide 3640?
True
Does 34 divide 1020?
True
Does 116 divide 232?
True
Is 3 a factor of 303?
True
Is 35609 a multiple of 36?
False
Is 26 a factor of 832?
True
Is 33592 a multiple of 19?
True
Is 6 a factor of 354?
True
Is 3298 a multiple of 15?
False
Is 92 a factor of 2576?
True
Is 11 a factor of 1254?
True
Does 13 divide 338?
True
Does 3 divide 3309?
True
Is 38 a factor of 60800?
True
Is 58 a factor of 266?
False
Does 34 divide 13294?
True
Does 10 divide 710?
True
Does 6 divide 1608?
True
Is 95 a multiple of 8?
False
Does 20 divide 3855?
False
Is 835 a multiple of 5?
True
Does 171 divide 1710?
True
Does 472 divide 3304?
True
Is 4611 a multiple of 29?
True
Is 111 a factor of 31968?
True
Is 43 a factor of 3397?
True
Is 26298 a multiple of 14?
False
Is 1150 a multiple of 142?
False
Does 131 divide 393?
True
Is 7 a factor of 20671?
True
Is 48 a factor of 2044?
False
Is 3 a factor of 74?
False
Does 6 divide 120?
True
Is 1664 a multiple of 16?
True
Does 9 divide 561?
False
Is 1647 a multiple of 27?
True
Does 60 divide 6840?
True
Is 672 a multiple of 45?
False
Does 3 divide 48?
True
Is 3871 a multiple of 8?
False
Is 98 a factor of 1500?
False
Is 43 a factor of 1016?
False
Is 50 a factor of 500?